v) = 3*m(v) - 4*y(v). Let i(f) = -f + 9. Let q be i(5). Let t = 0 + q. Determine p(t).
5
Let j(q) = 3*q. Suppose -l + 5*w - 2 = 0, -2*l - 7*w = -5*w + 4. Calculate j(l).
-6
Let i(d) = -d**3 - 6*d**2 - 2*d. Suppose -10 = -3*t - 2*x - 27, 2*t + 4 = -5*x. Let q = t - -1. Calculate i(q).
12
Let w(s) = s**2 - 13*s - 5. Let b be (-120)/(-320) + 101/8. Give w(b).
-5
Let c(s) = -s**2 + 2*s + 26. Let i be c(-3). Let w(z) = z**2 - 15*z + 10. Calculate w(i).
-34
Suppose 24 = 7*y - 2*y + o, 2*o + 27 = 5*y. Let d(k) = k - 7. Let z(p) = 1. Let b(m) = y*z(m) + d(m). What is b(0)?
-2
Let p(b) be the first derivative of -2*b - 5 - b**2 + 4/3*b**3 - 3/4*b**4. Let o(c) = 3*c - 10. Let g be o(4). Give p(g).
-14
Let q(a) = -a**3 + 9*a**2 + 11*a - 6. Suppose -2*r = 7*r - 90. Calculate q(r).
4
Let b(a) = 3 - 4 - 3 - 4*a. Determine b(-3).
8
Let z(k) be the second derivative of k**5/20 + k**2 + 21*k. Give z(-2).
-6
Let d(g) = 3*g**2 - 5*g - 3. Let m = -63 + 66. What is d(m)?
9
Let c(u) be the second derivative of -u**7/840 + u**6/90 + u**5/40 + 5*u**4/24 - 5*u**3/2 + 25*u. Let f(q) be the second derivative of c(q). Give f(5).
-5
Suppose 459 = -51*h + 51. Let x(i) = i + 20. Calculate x(h).
12
Suppose -p = 3*p - 80. Suppose -5*m = 5*a - p, 4*m = -3*a + 8 + 4. Let o(r) = r**3 - r**2 - r + 3. Give o(m).
3
Let z(g) = 1 - 2 - 9 - 20*g + 21*g. Determine z(3).
-7
Let f(o) = o**2 - o - 21. Let y be f(-3). Let d(g) = -5*g - 14. What is d(y)?
31
Suppose -4 = -5*z + 11. Let m(f) = -f**2 + 13*f + 15. Let b(h) = h**2 - 12*h - 13. Let s(u) = z*b(u) + 2*m(u). Determine s(11).
2
Suppose 3*q = 4*i - 9 - 8, i - q = 3. Let c be (i + -1)*(-8 - -7). Let m(k) = k - 1. Give m(c).
-8
Let a(b) be the third derivative of b**6/120 + b**5/30 + b**4/8 + b**3/6 - 5*b**2 + 3*b. Give a(-2).
-5
Let m(z) = z + 2. Let i(v) = -4. Let c(q) = -3*i(q) - 5*m(q). Let u(a) = -10*a + 5. Let w(f) = -7*c(f) + 3*u(f). Calculate w(1).
6
Let t(k) = 2. Let a(u) = 16*u - 2. Let d(m) = -a(m) - 4*t(m). What is d(-4)?
58
Let o(g) = 4 - 15 + g**3 - 1. Let v(i) = 3*i + 99. Let t(c) = c + 25. Let q(z) = -9*t(z) + 2*v(z). Let l be q(-9). What is o(l)?
-12
Let u(l) be the third derivative of 1/120*l**6 + 10*l**2 + 7/60*l**5 + 1/6*l**3 + 0*l + 0 + 7/24*l**4. Calculate u(-6).
-5
Let n(r) = 11*r**3 - 10*r**3 - 4 + r + 3*r - 6*r**2 - 11*r. Give n(7).
-4
Suppose 342 - 278 = 16*x. Suppose 0*b - 5*b + 25 = 0. Let s(a) = 2*a**3 + a**3 + 3 - 2*a**3 - b*a**2 + 4*a. Calculate s(x).
3
Let o(s) = -3*s**2 + 29*s + 3. Let a(q) = q**2 - 10*q - 1. Let r(j) = -4*j - 24. Let p be r(-7). Let t(w) = p*o(w) + 11*a(w). What is t(6)?
1
Let k(p) be the second derivative of -p**5/20 + p**3/3 - p**2/2 - 15*p + 12. Let z = -2 + 3. Let u = z + 0. What is k(u)?
0
Let a = -7 - -10. Suppose 5*w - 10 = 0, a*q = -q - 2*w + 20. Suppose 2*x + 4*l + 2 = 0, 5*x - q*l + 28 = x. Let c(k) = 2*k + 3. Determine c(x).
-7
Let z(m) = -3*m - 5. Let r(p) = p**2 - 3*p. Let h(g) = r(g) - z(g). Suppose 2*f = 3*s - 2, 2*f = 5*s - 2 - 0. Give h(s).
5
Let h(m) = m**2 + 6*m - 6. Let k be ((-60)/24)/(1/10*5). Give h(k).
-11
Let u(v) = -14*v**2 + 2*v - 2. Suppose 1 = q - 5*d, -17*q = -16*q - 4*d - 1. Give u(q).
-14
Suppose 2*a - b - 10 = 4*b, 3*a - 15 = -4*b. Suppose -3*l - 3 = -2*z + 3, -4*z - 2*l + 28 = 0. Let g(q) = 12*q**2 - z*q**2 - q**3 - 2*q**2 + 4*q. Give g(a).
-5
Let x(q) be the first derivative of -q**4/4 + 2*q**3 + q**2/2 - 5*q - 23. Let h be x(6). Let p(z) = -13*z**3 - 1. Determine p(h).
-14
Let q = -315 + 326. Let s(o) = o - 2. Give s(q).
9
Let f(o) be the second derivative of o**5/20 + 5*o**4/12 + o**3/2 + 7*o**2/2 - 9*o - 6. What is f(-5)?
-8
Let r be -2*(-1)/(2 + 0). Let x(v) = -2*v**3 - v**2. Let h(b) = -144*b**3 + 1 + 0*b + 145*b**3 - b + b**2. Let c(j) = r*x(j) + h(j). Give c(0).
1
Suppose 73*h - 72 - 1 = 0. Suppose -3*k = -0*k - 2*o - 14, 14 = k - 3*o. Let u(s) = -k*s + 1 - 3*s + s. Calculate u(h).
-3
Let g(m) = -14 + 37*m**2 - 71*m**2 + 35*m**2 + 8*m. Determine g(-10).
6
Let a(v) = -v**2 + 7*v - 2. Let n(d) = d - 5*d**3 - 3*d**2 + 4*d**3 - d + 4*d + 4. Let k be n(-4). Suppose 4*p - 20 = 4*x, 0*p - x + k = 2*p. Calculate a(p).
10
Let b(a) = a**2 + a - 4. Suppose -6*s + 4*s = -30. Let t = 15 + s. Let u be 10/2*(-18)/t. Give b(u).
2
Let b(i) be the third derivative of i**6/120 + i**5/10 + i**4/8 - i**3/6 - 64*i**2 - 2*i. What is b(-5)?
9
Let t(j) = j**3 + 4*j**2 - 9*j - 10. Let b(s) = 2*s**3 + 8*s**2 - 17*s - 19. Let q(w) = 3*b(w) - 5*t(w). Suppose 2*l + 17 - 7 = 0. Determine q(l).
-2
Let t(s) be the third derivative of s**5/10 - s**3/6 + 5*s**2. Let n be (-4 - -7) + 0 + -4. Let f(z) = -z**2 - z + 1. Let p be f(n). Determine t(p).
5
Suppose w - 6*w - 5*k - 150 = 0, -k + 145 = -4*w. Let v be (w - -34)*-1*(-1 - 0). Let y(p) = -13*p + 1. Determine y(v).
14
Let a(b) = -7*b + 14. Let f(v) = -4*v + 7. Let z(p) = -6*a(p) + 11*f(p). Let c = -8 + 2. Calculate z(c).
5
Let l(u) = -u**3 + 5*u**2 + 4. Suppose 0 = -3*d + 13 + 5. Let t be 3*44/d - 2. Suppose 0 = -7*n + 11*n - t. Give l(n).
4
Let p(m) = -m**3 + 3*m**2. Suppose 0 = 2*r - 6*t + 5*t - 9, -2*r = t - 3. Give p(r).
0
Suppose 2*r = 0, -a + 2*r = -3*a - 4. Let s(h) = -5*h**3 + h**2 - 3*h - 8. Let w(t) = -t**3 - t - 2. Let m(f) = -s(f) + 4*w(f). Give m(a).
-10
Suppose -6*a + 10*a - 100 = 0. Let g(i) = -12 + a + 2*i - 13 + i**2. Give g(-4).
8
Let c(r) = r**2 - 8*r + 9. Let y be c(7). Let a(z) = -y + 1 - 2*z**3 + z**3 - z - 4*z**2. Let f be (15/(-5) - -1)*(-6)/(-4). Calculate a(f).
-7
Let p(m) = 9*m**3 + 19*m**2 - 27*m - 30. Let o(k) = 4*k**3 + 9*k**2 - 14*k - 14. Let s(j) = -7*o(j) + 3*p(j). What is s(-8)?
0
Let b(j) = -2*j**2 + 9*j - 10. Let n(m) = m**2 + 21*m + 4. Let v be n(0). Give b(v).
-6
Let a = 218 + -213. Let h(x) = -2*x**2 + 6*x - 1. Give h(a).
-21
Let b(i) be the third derivative of i**5/60 + i**4/24 + 9*i**3/2 - 40*i**2 - 2*i. Determine b(0).
27
Let t be 8/(-20) - 462/(-30). Suppose -3*k - t = 0, -5*m - 17 = 5*k + 28. Let p(h) = -h**2 - 4. Give p(m).
-20
Let m = -8 + 13. Let j(d) = d**3 - 6*d**2 + 9*d - 10. Let v(r) = -r + 1. Let z = 20 + -19. Let a(y) = z*j(y) + 6*v(y). Give a(m).
-14
Let a(g) = g - 7. Let q(t) = t**2 + 3*t. Let z be q(-3). Suppose -3*i + 6 = k, -1 = -4*k - 4*i + 15. Suppose z = -k*w + 16 - 1. What is a(w)?
-2
Let f(b) = b**3 - b. Let a be (-21 + 19)/(1*-2)*1. What is f(a)?
0
Let b(u) be the third derivative of 2*u**2 + 0*u + 0 - 2/3*u**3 + 1/12*u**4 + 1/60*u**5. Let q(w) = -w**3 + 29*w**2 - 57*w + 78. Let p be q(27). Determine b(p).
-1
Let b(p) = p**3 - 11*p**2 + 10*p + 5. Suppose -2*w + 6 + 16 = -2*x, 4*w - 5*x - 45 = 0. Let c be b(w). Let z(h) = -h - 5*h + c*h**2 + 6*h + h. Calculate z(-1).
4
Suppose -3*s = -2*s + 6. Let a(m) be the second derivative of m**5/20 + m**4/2 - m**3/3 - 3*m**2 - 23*m. What is a(s)?
6
Let r(n) be the second derivative of n**4/12 + 3*n**3/2 - n**2/2 + 22*n. Let y be -3 + (68/(-11) - (-18)/99). Calculate r(y).
-1
Let y(n) = -n**2 + 4*n + 1. Let h be -4*3/(-12)*19. Suppose 4*t + g - 7 = 0, 2*t - 2*g + 7*g = -h. Suppose -20 = -7*a + t*a. Give y(a).
-4
Let p(y) = -y**3 - 4*y**2 - 5*y + 4. Let r(i) = -i**3 - 5*i**2 - 6*i + 3. Let w(l) = 2*p(l) - 3*r(l). Determine w(-6).
-13
Suppose t = 4*t + 2*u - 37, 0 = -4*t + 3*u + 21. Suppose -9 - t = -2*r. Suppose 0 = -2*o - p - 0 + 7, -3*p + r = 0. Let j(y) = y - 2. What is j(o)?
0
Let c(v) = -6*v**2 + 2*v - 1. Let j be (-850)/(-5) + 2 + -2. Let t be 4/(-24) + j/12. Suppose -15*n + t*n = -1. Determine c(n).
-5
Suppose -11*w + 108 - 141 = 0. Let k(f) = -3*f + 3. Determine k(w).
12
Let l(y) = y**2 + 7*y - 2. Let j(s) = -11*s**2 - 4*s + 56. Let k(p) = -4*p**2 - p + 19. Let x(d) = 3*j(d) - 8*k(d). Let q be x(-7). Give l(q).
-12
Let z(n) be the first derivative of -n**2/2 - 2*n - 8. Suppose 2*t = 5*t - 9. Suppose t*s - 2*s + 4 = 0. Give z(s).
2
Let t(a) = 7*a**2 - a + 3. Let k(z) = 3*z**2 + 1. Let o(i) = 5*k(i) - 2*t(i). Determine o(3).
14
Let z(d) = -2*d**3 - 4*d**2 - d + 2. Let j(a) = -a**3 + 2*a**2 + 3*a - 1. Let r(q) = j(q) - z(q). Give r(-4).
13
Suppose -14 + 6 = -4*n. Suppose 0 = -n*r + r - 2. Let k(i) = -i**2 + 2*i - 8 - 1 - i + 11. Determine k(r).
-4
Let x(y) = -3 + 0 + 0 - y. Suppose 80*a - 176 = 124*a. Determine x(a).
1
Let t(r) be the third derivative of -r**6/120 - r**5/30 + r**4/6 + r**3 - 335*r**2. Determine t(-4).
2